2 - 2*m - 1. Calculate the remainder when i(-2) is divided by u(2).
20
Let y = 134 + -113. Calculate the remainder when y is divided by 7.
0
Suppose -2*g = 3*y - 101, 11*g - 163 = -5*y + 13*g. What is the remainder when 394 is divided by y?
31
Suppose -3*t - 1 = -10, 0 = -k + t + 31. What is the remainder when k is divided by 18?
16
Let x(q) = 13*q**3 - q**2 - 2*q. Suppose 16*z + 66 = 18*z. Calculate the remainder when x(2) is divided by z.
30
Calculate the remainder when 219/18 + 60/72 is divided by 5.
3
Let w = -27 - -45. Suppose -9*c + 11*c - w = 0. Calculate the remainder when c is divided by 3.
0
Let k be 0*(1/(-2) + 0). Let w = k - 7. Calculate the remainder when 2 is divided by 7/(w/3) + 5.
0
Let g(o) = 3*o - 3. Let j(v) = -2*v**2 - 17*v - 6. Let n be j(-8). Let z be g(n). Calculate the remainder when 50 is divided by (-13)/((-1)/z*3).
11
Let r = -37 - -9. Let g be -7*((-36)/r - 3). Calculate the remainder when (-2)/(-3) + 484/g is divided by 14.
13
Let z be (-2 - (0 + -1))*-4. Suppose 4*v - 4 = z, 3*v = t - 34. What is the remainder when t + (1 - 0 - 3) is divided by 10?
8
Suppose -81*g = -85*g + 40. Let j(p) = -p**3 + 4*p**2 + p. What is the remainder when g is divided by j(4)?
2
Let x(a) = -a**3 + 13*a**2 + 11*a - 32. Calculate the remainder when x(3) is divided by 48.
43
Let f(m) = m**3 + 7*m**2 - 12*m - 10. Let q = -34 - -26. What is the remainder when f(q) is divided by 6?
4
Let x(z) = 46*z**3 + 3*z**2 - 2*z + 3. Let b be x(2). Suppose -n - 5*t + 64 = 0, -t = 5*n - 37 - b. What is the remainder when n is divided by 17?
16
Let w(y) = -y**2 - 84*y - 1737. Calculate the remainder when w(-40) is divided by 8 + -1*(-1 + 2).
2
Let g(l) be the third derivative of 0 + 0*l - 7/6*l**3 + 11/24*l**4 - 4*l**2. Calculate the remainder when 50 is divided by g(3).
24
Let n = -1 + 12. Suppose 3*q - n - 40 = 0. What is the remainder when 1/3*(-690)/(-5) is divided by q?
12
Let x(k) = k**2 - 5*k + 6. What is the remainder when 38 is divided by x(4)?
0
Suppose 4*d - 92 = -2*m, 4*d + 285 = 5*m + 3*d. Calculate the remainder when m is divided by 21.
14
Let v(p) = p**3 - 20*p**2 + 18*p + 98. Calculate the remainder when v(19) is divided by 41.
38
Suppose -52*n + 4300 = -9*n. What is the remainder when n is divided by 16?
4
Suppose -2*u + 341 = -w + 87, -3*u + 2*w = -380. Calculate the remainder when u is divided by 13.
11
Let j be (-18)/45 + 36/15. Suppose -48 = -v + 4*z, 5*z + 40 + 50 = j*v. Calculate the remainder when v is divided by 22.
18
Let w(p) = 397*p**3 - 2*p**2 + 2*p - 1. Let o be w(1). Suppose -o - 59 = -7*r. What is the remainder when r is divided by 17?
14
Suppose 3*v - 8*v + 1370 = 0. Suppose 15*r - 17*r = -v. Calculate the remainder when r is divided by 14.
11
Let t = -5 - -26. Suppose 5*q + 2*q - 42 = 0. Suppose -q*x + 288 = 54. Calculate the remainder when x is divided by t.
18
Suppose -28 = 2*a - 3*a. Let o(i) = -5*i**3 - i**2 + 15*i + 1. Calculate the remainder when o(-3) is divided by a.
26
Let b = -357 + 369. What is the remainder when 28 is divided by b?
4
Let n be 47/3 + (-1)/(-3). Let s = 239 + -239. Let o = s + n. What is the remainder when o is divided by 9?
7
Suppose -7*g + 75 = -2*g. Suppose 2*m - g = 13. What is the remainder when 34 is divided by m?
6
Suppose -4*w - 190 = -9*w. Let u(i) = i**2 - i + 8. What is the remainder when w is divided by u(4)?
18
Let c(r) = -r**3 + 9*r**2 - r + 12. Let o be c(9). Suppose 0 = 4*z - 2*l - 4, o*z + 2*l + 2 = 5*z. What is the remainder when 1 is divided by z?
0
What is the remainder when 1362 is divided by -65*(-6)/15*14/4?
88
Let m(u) = 26*u**2 - u**3 - 8 + 6 - 1 - 24*u - 6. What is the remainder when 30 is divided by m(25)?
14
Suppose 2*y - 440 + 146 = -3*k, -288 = -3*k - 4*y. Let z = k - 58. What is the remainder when z is divided by 15?
12
Let d(a) be the first derivative of -a**4/4 - a**3 + 3*a**2 - 6*a - 1. Calculate the remainder when 995/40 - (-3)/24 is divided by d(-5).
11
Let y be (1*-23)/(3 - (-16)/(-4)). Suppose 490 = -18*i + y*i. Calculate the remainder when i is divided by 27.
17
Suppose 10*s = -522 + 12. Let l be 6/(-21) + 2/7. Let r = l - s. What is the remainder when r is divided by 18?
15
Suppose -3*v - 3*v + 24 = 0. Suppose -2*f + 238 = -2*j, -v*j - 253 = 5*f - 803. What is the remainder when f is divided by 39?
36
Calculate the remainder when -9 + 13 + -4 + (159 - -1) is divided by 33.
28
Suppose -684 = -11*a - 8*a. Calculate the remainder when 393 is divided by a.
33
Let l(u) = -u**3 - 6*u**2 - u - 15. Calculate the remainder when l(-8) is divided by 14.
9
Suppose 2*r - 4*l = 196, -4*r - 4*l + 3*l + 392 = 0. Calculate the remainder when r is divided by 34.
30
Suppose -6 - 9 = -3*n. Let a(q) = 17*q + 2. Let f be a(4). Suppose -4*k + 130 = -0*r + n*r, 2*r = 2*k + f. Calculate the remainder when r is divided by 8.
6
Suppose 5*p - 44 = -4*y, 0*y + 2*p = 2*y - 22. Let b = 90 + -52. Let h = -19 + b. What is the remainder when h is divided by y?
8
Suppose a - 93 = -0*a - 5*q, 4*a - 3*q - 441 = 0. Calculate the remainder when a is divided by 16.
12
Let i be 3/(5/20*-3). What is the remainder when 111 is divided by (32/(-12))/i*21?
13
Let i = 350 + -261. What is the remainder when i is divided by 25?
14
Calculate the remainder when (-15)/(-10) - (-677)/2 is divided by 18.
16
Let f(s) = -7*s**3 - s**2 - 3*s - 1. Let l be (-31 - 3) + 2 + -3. Let b be (-3)/(-9) + l/15. Calculate the remainder when f(b) is divided by 15.
12
Suppose x + x + 4*t + 2 = 0, -55 = -5*x + 2*t. Calculate the remainder when (35/4)/((-1)/(-4)) is divided by x.
8
What is the remainder when 10/4*506/55 is divided by 6?
5
Calculate the remainder when -6 + 0 + 7 - -80 is divided by 4.
1
Let t be 28/42 + (-136)/6. Let h = -17 - t. Suppose -3*m = -5 - 4, 2*j = -h*m + 209. What is the remainder when j is divided by 20?
17
Let q = 1520 + -1444. What is the remainder when q is divided by 26?
24
Let u(o) = 2*o - 26. Calculate the remainder when 18 is divided by u(14).
0
Suppose -v + 3*v = 4*u, 3*v = -2*u + 16. Suppose 2*q - 8 = 4*z, -5*z + 11 + v = 0. Calculate the remainder when 47 is divided by q.
7
Let w(k) = 2*k**2 + 70*k - 69. What is the remainder when w(-38) is divided by 18?
15
Suppose 0 = -2*r + 6*r - 44. What is the remainder when ((-856)/(-40) - (-4)/(-10)) + -2 is divided by r?
8
Suppose 14*z + 13*z = 1917. Calculate the remainder when 230 is divided by z.
17
Let h(b) = -b**3 - b**2 - b + 22. Let p be h(0). Let w = p - 18. What is the remainder when 15 is divided by w?
3
Let b = 109 + -105. Suppose 0 = b*m + 18 - 262. What is the remainder when m is divided by 16?
13
What is the remainder when 273 is divided by (-3)/21 + 912/14?
13
Suppose 0 = 4*d - 88 + 32. Suppose 708 = -3*h + 999. What is the remainder when h is divided by d?
13
Suppose -14*n - 710 = -3356. Calculate the remainder when n is divided by 13.
7
Suppose 0 = -i - 8*i + 5697. Let l = i + -424. Calculate the remainder when l is divided by 30.
29
Let f = 187 - 164. What is the remainder when 77 is divided by f?
8
Calculate the remainder when 5/(318/(-54) + 6) is divided by 12.
9
Let p = -105 + 204. Let s(c) = -3*c + 1. Let a be -3*((-16)/6)/(-1). Calculate the remainder when p is divided by s(a).
24
Let a = -374 + 417. What is the remainder when 169 is divided by a?
40
Suppose 687*c = 688*c - 55. Calculate the remainder when 136 is divided by c.
26
Let c(x) = -x**2 + 22*x - 49. Calculate the remainder when 104 is divided by c(17).
32
Suppose -4*k - 140 = -2*d + 16, 5*d = 5*k + 370. Calculate the remainder when d is divided by 4/(-8)*(-4 + 16)*(-12)/8.
7
Suppose -2*j + 6*j + 3*b - 16 = 0, j = 3*b + 19. Let k = j + 21. Calculate the remainder when 110 is divided by k.
26
Let x(h) = h**3 + 9*h**2 + 2. Let i be x(-9). Let q(b) = 5*b**2 + 4 - 2*b**2 - b - i*b + 0*b. What is the remainder when 85 is divided by q(3)?
19
Calculate the remainder when (1 + 10)/(-2 + 3) is divided by ((-28)/(-70))/((-1)/(-15)).
5
Let y(l) = 25*l**2 + 18*l + 16. What is the remainder when y(-1) is divided by 5?
3
Suppose 0 = -4*s - 5*y + 84, 6*s - 63 = 3*s - 5*y. What is the remainder when 74 is divided by s?
11
Suppose -421 = -5*z + 2*b, -3*z + 72 = -5*b - 192. Calculate the remainder when z is divided by 49.
34
Let j(d) = -d**2 - 2*d. Let s be j(-3). Calculate the